{"id":48,"date":"2023-04-17T19:31:18","date_gmt":"2023-04-17T19:31:18","guid":{"rendered":"https:\/\/www.sth-hollabrunn.at\/studentenheim\/?page_id=48"},"modified":"2023-06-11T19:57:40","modified_gmt":"2023-06-11T19:57:40","slug":"lernen","status":"publish","type":"page","link":"https:\/\/www.sth-hollabrunn.at\/studentenheim\/lernen\/","title":{"rendered":"Lernen"},"content":{"rendered":"\n<div class=\"wp-block-media-text has-media-on-the-right is-stacked-on-mobile\" style=\"grid-template-columns:auto 37%\"><div class=\"wp-block-media-text__content\">\n<p><strong>LERNBEGLEITUNG\u2026<\/strong><br>Auf jeder Etage der 1. und 2. Klassen gibt es Sch\u00fcler*innen, die die J\u00fcngeren beim Lernen unterst\u00fctzen. Sie besuchen meist h\u00f6here Klassen und kennen die Anforderungen in den einzelnen Gegenst\u00e4nden.<\/p>\n<\/div><figure class=\"wp-block-media-text__media\"><img loading=\"lazy\" decoding=\"async\" width=\"1024\" height=\"683\" src=\"https:\/\/www.sth-hollabrunn.at\/studentenheim\/wp-content\/uploads\/21724320-1024x683.jpg\" alt=\"\" class=\"wp-image-250 size-full\" srcset=\"https:\/\/www.sth-hollabrunn.at\/studentenheim\/wp-content\/uploads\/21724320-1024x683.jpg 1024w, https:\/\/www.sth-hollabrunn.at\/studentenheim\/wp-content\/uploads\/21724320-300x200.jpg 300w, https:\/\/www.sth-hollabrunn.at\/studentenheim\/wp-content\/uploads\/21724320-768x512.jpg 768w, https:\/\/www.sth-hollabrunn.at\/studentenheim\/wp-content\/uploads\/21724320-1536x1024.jpg 1536w, https:\/\/www.sth-hollabrunn.at\/studentenheim\/wp-content\/uploads\/21724320-2048x1365.jpg 2048w\" sizes=\"auto, (max-width: 1024px) 100vw, 1024px\" \/><\/figure><\/div>\n\n\n\n<div class=\"wp-block-media-text is-stacked-on-mobile\" style=\"grid-template-columns:44% auto\"><figure class=\"wp-block-media-text__media\"><img loading=\"lazy\" decoding=\"async\" width=\"1024\" height=\"683\" src=\"https:\/\/www.sth-hollabrunn.at\/studentenheim\/wp-content\/uploads\/21886392-1024x683.jpg\" alt=\"\" class=\"wp-image-249 size-full\" srcset=\"https:\/\/www.sth-hollabrunn.at\/studentenheim\/wp-content\/uploads\/21886392-1024x683.jpg 1024w, https:\/\/www.sth-hollabrunn.at\/studentenheim\/wp-content\/uploads\/21886392-300x200.jpg 300w, https:\/\/www.sth-hollabrunn.at\/studentenheim\/wp-content\/uploads\/21886392-768x512.jpg 768w, https:\/\/www.sth-hollabrunn.at\/studentenheim\/wp-content\/uploads\/21886392-1536x1024.jpg 1536w, https:\/\/www.sth-hollabrunn.at\/studentenheim\/wp-content\/uploads\/21886392-2048x1366.jpg 2048w\" sizes=\"auto, (max-width: 1024px) 100vw, 1024px\" \/><\/figure><div class=\"wp-block-media-text__content\">\n<p><strong>LERNUNTERST\u00dcTZUNG\u2026<\/strong><br>Auch Erzieher<em>innen unterschiedlicher theoretischer, fachtheoretischer und praktischer Gegenst\u00e4nde stehen zur Unterst\u00fctzung bereit. F\u00fcr Sch\u00fcler<\/em>innen der HTL ergibt sich zudem der Vorteil, dass einige ihrer Lehrer<em>innen zus\u00e4tzlich als Erzieher<\/em>innen im Studentenheim t\u00e4tig sind.<\/p>\n\n\n\n<p><\/p>\n<\/div><\/div>\n","protected":false},"excerpt":{"rendered":"<p>LERNBEGLEITUNG\u2026Auf jeder Etage der 1. und 2. Klassen gibt es Sch\u00fcler*innen, die die J\u00fcngeren beim Lernen unterst\u00fctzen. Sie besuchen meist h\u00f6here Klassen und kennen die Anforderungen in den einzelnen Gegenst\u00e4nden. LERNUNTERST\u00dcTZUNG\u2026Auch Erzieherinnen unterschiedlicher theoretischer, fachtheoretischer und praktischer Gegenst\u00e4nde stehen zur Unterst\u00fctzung bereit. F\u00fcr Sch\u00fclerinnen der HTL ergibt sich zudem der Vorteil, dass einige ihrer Lehrerinnen&#8230;<\/p>\n<p class=\"more-link-wrap\"><a href=\"https:\/\/www.sth-hollabrunn.at\/studentenheim\/lernen\/\" class=\"more-link\">Read More<span class=\"screen-reader-text\"> &ldquo;Lernen&rdquo;<\/span> &raquo;<\/a><\/p>\n","protected":false},"author":1,"featured_media":0,"parent":0,"menu_order":0,"comment_status":"closed","ping_status":"closed","template":"","meta":{"_eb_attr":"","ngg_post_thumbnail":0,"footnotes":""},"class_list":["post-48","page","type-page","status-publish","hentry"],"_links":{"self":[{"href":"https:\/\/www.sth-hollabrunn.at\/studentenheim\/wp-json\/wp\/v2\/pages\/48","targetHints":{"allow":["GET"]}}],"collection":[{"href":"https:\/\/www.sth-hollabrunn.at\/studentenheim\/wp-json\/wp\/v2\/pages"}],"about":[{"href":"https:\/\/www.sth-hollabrunn.at\/studentenheim\/wp-json\/wp\/v2\/types\/page"}],"author":[{"embeddable":true,"href":"https:\/\/www.sth-hollabrunn.at\/studentenheim\/wp-json\/wp\/v2\/users\/1"}],"replies":[{"embeddable":true,"href":"https:\/\/www.sth-hollabrunn.at\/studentenheim\/wp-json\/wp\/v2\/comments?post=48"}],"version-history":[{"count":3,"href":"https:\/\/www.sth-hollabrunn.at\/studentenheim\/wp-json\/wp\/v2\/pages\/48\/revisions"}],"predecessor-version":[{"id":253,"href":"https:\/\/www.sth-hollabrunn.at\/studentenheim\/wp-json\/wp\/v2\/pages\/48\/revisions\/253"}],"wp:attachment":[{"href":"https:\/\/www.sth-hollabrunn.at\/studentenheim\/wp-json\/wp\/v2\/media?parent=48"}],"curies":[{"name":"wp","href":"https:\/\/api.w.org\/{rel}","templated":true}]}}