{"id":46,"date":"2023-04-17T19:30:13","date_gmt":"2023-04-17T19:30:13","guid":{"rendered":"https:\/\/www.sth-hollabrunn.at\/studentenheim\/?page_id=46"},"modified":"2024-07-24T19:44:02","modified_gmt":"2024-07-24T19:44:02","slug":"essen","status":"publish","type":"page","link":"https:\/\/www.sth-hollabrunn.at\/studentenheim\/essen\/","title":{"rendered":"Essen"},"content":{"rendered":"\n<p>Die Mensa des Studentenheimes l\u00e4sst keine kulinarischen W\u00fcnsche offen \u2026<\/p>\n\n\n\n<figure style=\"width:600px;height:300px\" class=\"wp-block-algori-360-image-block-algori-360-image alignundefined\"><a-scene loading-screen=\"enabled: false;\" device-orientation-permission-ui=\"enabled: false\" embedded=\"\"><a-entity camera=\"\" look-controls=\"reverseMouseDrag: true\"><\/a-entity><a-sky src=\"https:\/\/www.sth-hollabrunn.at\/studentenheim\/wp-content\/uploads\/360_Speisesaal_Abend2-scaled.jpg\"><\/a-sky><\/a-scene><\/figure>\n\n\n\n<div class=\"wp-block-media-text has-media-on-the-right is-stacked-on-mobile\" style=\"grid-template-columns:auto 17%\"><div class=\"wp-block-media-text__content\">\n<p>In der Mensa k\u00f6nnen sich alle Soda und Mischs\u00e4fte w\u00e4hrend der Mensa\u00f6ffnungszeiten frei entnehmen. Im 4ten Stock gibt es <strong>immer Soda<\/strong> &#8230; \u00e0 la &#8222;imma wos zum Dringa&#8220; \ud83d\ude42<\/p>\n<\/div><figure class=\"wp-block-media-text__media\"><img loading=\"lazy\" decoding=\"async\" width=\"576\" height=\"1024\" src=\"https:\/\/www.sth-hollabrunn.at\/studentenheim\/wp-content\/uploads\/Sodahahn-576x1024.jpeg\" alt=\"\" class=\"wp-image-572 size-full\" srcset=\"https:\/\/www.sth-hollabrunn.at\/studentenheim\/wp-content\/uploads\/Sodahahn-576x1024.jpeg 576w, https:\/\/www.sth-hollabrunn.at\/studentenheim\/wp-content\/uploads\/Sodahahn-169x300.jpeg 169w, https:\/\/www.sth-hollabrunn.at\/studentenheim\/wp-content\/uploads\/Sodahahn-768x1365.jpeg 768w, https:\/\/www.sth-hollabrunn.at\/studentenheim\/wp-content\/uploads\/Sodahahn.jpeg 774w\" sizes=\"auto, (max-width: 576px) 100vw, 576px\" \/><\/figure><\/div>\n\n\n\n<h4 class=\"wp-block-heading\">Morgens &#8230; <\/h4>\n\n\n\n<div class=\"wp-block-media-text has-media-on-the-right is-stacked-on-mobile\" style=\"grid-template-columns:auto 53%\"><div class=\"wp-block-media-text__content\">\n<p>Das Fr\u00fchst\u00fccksbuffet f\u00fcr unsere Sch\u00fcler*innen kann sich sehen lassen. Diverse M\u00fcslis, Joghurt, Marmeladen, Nutella, Wurst, K\u00e4se, R\u00fchrei, Obst \u2026 hier ist f\u00fcr jeden Geschmack etwas dabei!<\/p>\n<\/div><figure class=\"wp-block-media-text__media\"><img loading=\"lazy\" decoding=\"async\" width=\"1024\" height=\"473\" src=\"https:\/\/www.sth-hollabrunn.at\/studentenheim\/wp-content\/uploads\/Speisesaal-1-1024x473.jpg\" alt=\"\" class=\"wp-image-403 size-full\" srcset=\"https:\/\/www.sth-hollabrunn.at\/studentenheim\/wp-content\/uploads\/Speisesaal-1-1024x473.jpg 1024w, https:\/\/www.sth-hollabrunn.at\/studentenheim\/wp-content\/uploads\/Speisesaal-1-300x138.jpg 300w, https:\/\/www.sth-hollabrunn.at\/studentenheim\/wp-content\/uploads\/Speisesaal-1-768x354.jpg 768w, https:\/\/www.sth-hollabrunn.at\/studentenheim\/wp-content\/uploads\/Speisesaal-1-1536x709.jpg 1536w, https:\/\/www.sth-hollabrunn.at\/studentenheim\/wp-content\/uploads\/Speisesaal-1-2048x945.jpg 2048w\" sizes=\"auto, (max-width: 1024px) 100vw, 1024px\" \/><\/figure><\/div>\n\n\n\n<h4 class=\"wp-block-heading\">Mittags &#8230; <\/h4>\n\n\n\n<p>Zu Mittag kann aus <strong>verschiedenen Men\u00fcs<\/strong> gew\u00e4hlt werden, wobei eines immer <strong>vegetarisch <\/strong>ist. Suppe und Salat werden in Buffetform angeboten.<\/p>\n\n\n\n<h4 class=\"wp-block-heading\">Abends &#8230; <\/h4>\n\n\n\n<p>Auch abends bietet die Mensa mehrere &#8211; meist warme &#8211; Gerichte an.<\/p>\n\n\n\n<div class=\"wp-block-media-text is-stacked-on-mobile\" style=\"grid-template-columns:31% auto\"><figure class=\"wp-block-media-text__media\"><img loading=\"lazy\" decoding=\"async\" width=\"768\" height=\"1024\" src=\"https:\/\/www.sth-hollabrunn.at\/studentenheim\/wp-content\/uploads\/gesundeJause_crop-768x1024.jpg\" alt=\"\" class=\"wp-image-453 size-full\" srcset=\"https:\/\/www.sth-hollabrunn.at\/studentenheim\/wp-content\/uploads\/gesundeJause_crop-768x1024.jpg 768w, https:\/\/www.sth-hollabrunn.at\/studentenheim\/wp-content\/uploads\/gesundeJause_crop-225x300.jpg 225w, https:\/\/www.sth-hollabrunn.at\/studentenheim\/wp-content\/uploads\/gesundeJause_crop.jpg 806w\" sizes=\"auto, (max-width: 768px) 100vw, 768px\" \/><\/figure><div class=\"wp-block-media-text__content\">\n<h2 class=\"wp-block-heading\">Snack gef\u00e4llig?<\/h2>\n\n\n\n<p>Wenn die Zeit bis zum Abendessen zu lange wird, kann man sich am Nachmittag eine kleine gesunde Jause im Campus Caf\u00e9 holen.<\/p>\n<\/div><\/div>\n\n\n\n<p><strong>Neugierig geworden?<\/strong> Dann wirf doch einen Blick auf <a href=\"https:\/\/www.sth-hollabrunn.at\/speiseplan\/\" target=\"_blank\" rel=\"noreferrer noopener\">unseren aktuellen Speiseplan!<\/a><\/p>\n\n\n\n<h4 class=\"wp-block-heading\"><strong>\u00d6ffnungszeiten Mensa<\/strong><\/h4>\n\n\n\n<p>Fr\u00fchst\u00fcck &#8211; 6:30 bis 7:40 Uhr<br>Mittagessen &#8211; 11:30 bis 14:00 Uhr<br>Jause &#8211; 15:30 bis 16:30 Uhr (im Campus Caf\u00e9)<br>Abendessen &#8211; 17:30 bis 18:30 Uhr<br>Abendessen SPI &#8211; 19:00 bis 19:30 Uhr<\/p>\n","protected":false},"excerpt":{"rendered":"<p>Die Mensa des Studentenheimes l\u00e4sst keine kulinarischen W\u00fcnsche offen \u2026 In der Mensa k\u00f6nnen sich alle Soda und Mischs\u00e4fte w\u00e4hrend der Mensa\u00f6ffnungszeiten frei entnehmen. Im 4ten Stock gibt es immer Soda &#8230; \u00e0 la &#8222;imma wos zum Dringa&#8220; \ud83d\ude42 Morgens &#8230; Das Fr\u00fchst\u00fccksbuffet f\u00fcr unsere Sch\u00fcler*innen kann sich sehen lassen. Diverse M\u00fcslis, Joghurt, Marmeladen, Nutella,&#8230;<\/p>\n<p class=\"more-link-wrap\"><a href=\"https:\/\/www.sth-hollabrunn.at\/studentenheim\/essen\/\" class=\"more-link\">Read More<span class=\"screen-reader-text\"> &ldquo;Essen&rdquo;<\/span> &raquo;<\/a><\/p>\n","protected":false},"author":1,"featured_media":0,"parent":0,"menu_order":0,"comment_status":"closed","ping_status":"closed","template":"","meta":{"_eb_attr":"","ngg_post_thumbnail":0,"footnotes":""},"class_list":["post-46","page","type-page","status-publish","hentry"],"_links":{"self":[{"href":"https:\/\/www.sth-hollabrunn.at\/studentenheim\/wp-json\/wp\/v2\/pages\/46","targetHints":{"allow":["GET"]}}],"collection":[{"href":"https:\/\/www.sth-hollabrunn.at\/studentenheim\/wp-json\/wp\/v2\/pages"}],"about":[{"href":"https:\/\/www.sth-hollabrunn.at\/studentenheim\/wp-json\/wp\/v2\/types\/page"}],"author":[{"embeddable":true,"href":"https:\/\/www.sth-hollabrunn.at\/studentenheim\/wp-json\/wp\/v2\/users\/1"}],"replies":[{"embeddable":true,"href":"https:\/\/www.sth-hollabrunn.at\/studentenheim\/wp-json\/wp\/v2\/comments?post=46"}],"version-history":[{"count":15,"href":"https:\/\/www.sth-hollabrunn.at\/studentenheim\/wp-json\/wp\/v2\/pages\/46\/revisions"}],"predecessor-version":[{"id":869,"href":"https:\/\/www.sth-hollabrunn.at\/studentenheim\/wp-json\/wp\/v2\/pages\/46\/revisions\/869"}],"wp:attachment":[{"href":"https:\/\/www.sth-hollabrunn.at\/studentenheim\/wp-json\/wp\/v2\/media?parent=46"}],"curies":[{"name":"wp","href":"https:\/\/api.w.org\/{rel}","templated":true}]}}