{"id":22,"date":"2023-06-21T14:30:35","date_gmt":"2023-06-21T14:30:35","guid":{"rendered":"https:\/\/www.sth-hollabrunn.at\/stadthotel\/?page_id=22"},"modified":"2024-07-01T18:19:06","modified_gmt":"2024-07-01T18:19:06","slug":"kontakt","status":"publish","type":"page","link":"https:\/\/www.sth-hollabrunn.at\/stadthotel\/kontakt\/","title":{"rendered":"Kontakt"},"content":{"rendered":"\n<div class=\"wp-block-columns is-layout-flex wp-container-core-columns-is-layout-9d6595d7 wp-block-columns-is-layout-flex\">\n<div class=\"wp-block-column is-layout-flow wp-block-column-is-layout-flow\">\n<h5 class=\"wp-block-heading\">Adresse<\/h5>\n\n\n\n<p><strong>Stadthotel Hollabrunn<\/strong><br>Dechant Pfeifer &#8211; Stra\u00dfe 3<br>A-2020 Hollabrunn<\/p>\n\n\n\n<p><strong>Email: <\/strong><a href=\"&#x6d;&#x61;&#x69;&#x6c;&#x74;&#x6f;&#x3a;&#x68;&#x6f;&#x74;&#x65;&#x6c;&#x40;&#x73;&#x74;&#x68;&#x2d;&#x68;&#x6f;&#x6c;&#x6c;&#x61;&#98;&#114;&#117;&#110;&#110;&#46;&#97;&#116;\" target=\"_blank\" rel=\"noreferrer noopener\">&#x68;&#111;&#x74;&#101;l&#x40;&#115;t&#x68;&#45;&#x68;&#x6f;l&#x6c;&#97;b&#x72;&#117;&#x6e;&#x6e;&#46;&#x61;&#116;<\/a><br><strong>Tel:<\/strong> 02952 3391 &#8211; 181<br><strong>Fax:<\/strong> 02952 3391 &#8211; 79<\/p>\n\n\n\n<hr class=\"wp-block-separator has-alpha-channel-opacity\"\/>\n\n\n\n<div class=\"wp-block-buttons is-content-justification-center is-layout-flex wp-container-core-buttons-is-layout-16018d1d wp-block-buttons-is-layout-flex\">\n<div class=\"wp-block-button\"><a class=\"wp-block-button__link wp-element-button\" href=\"https:\/\/www.sth-hollabrunn.at\/stadthotel\/anfrage\/\">Jetzt buchen<\/a><\/div>\n<\/div>\n\n\n\n<h5 class=\"wp-block-heading\">Anreise<\/h5>\n\n\n\n<p>Bequem anreisen mit dem &#8230;<\/p>\n\n\n\n<p><strong>&#8230; Zug oder Bus<\/strong> &#8211; der Bahnhof ist <strong>5 Gehminuten<\/strong> vom Hotel entfernt<\/p>\n\n\n\n<p><strong>&#8230; <\/strong>oder mit dem <strong>PKW<\/strong> &#8211; es gibt gen\u00fcgend Parkpl\u00e4tze (inkl. Wohnmobilstellplatz). Auch die Anbindung \u00fcber die <strong>S3<\/strong> ist hervorragend.<\/p>\n\n\n\n<hr class=\"wp-block-separator has-alpha-channel-opacity\"\/>\n\n\n\n<h5 class=\"wp-block-heading\">Google Maps<\/h5>\n\n\n\n<script>\nfunction changeDiv() {\n\tdocument.getElementById(\"maps\").innerHTML='<iframe src=\"https:\/\/www.google.com\/maps\/embed?pb=!1m18!1m12!1m3!1d2640.5579623648887!2d16.065321951613097!3d48.56086132946114!2m3!1f0!2f0!3f0!3m2!1i1024!2i768!4f13.1!3m3!1m2!1s0x476d68002d2918f9%3A0x7780394ea7ac5a1a!2sStudentenheim%20Hollabrunn!5e0!3m2!1sde!2sat!4v1643536757490!5m2!1sde!2sat\" style=\"border:0;\" allowfullscreen=\"\" loading=\"lazy\" width=\"600\" height=\"450\"><\/iframe>';\n}\n<\/script>\n<div id=\"maps\" onclick=\"changeDiv()\" class=\"wp-block-columns is-layout-flex wp-container-3\" style=\"border:1px solid black; padding:5px;  width:600px; height:450px;\">\n<p align=center>Inhalte von Google Maps werden aufgrund deiner aktuellen Cookie-Einstellungen nicht angezeigt. \t\tKlicke auf \u201cZustimmen &amp; anzeigen\u201d, um zuzustimmen &#8211; dass die erforderlichen Daten an Google Maps weitergeleitet werden &#8211; und den gew\u00fcnschten Inhalt anzuzeigen. Mehr dazu erf\u00e4hrst du bei den <a href=\"https:\/\/www.google.com\/intl\/de_at\/help\/terms_maps\/\">Nutzungsbedingungen von Google Maps\/Earth<\/a>. Du kannst deine Zustimmung jederzeit widerrufen. <br><br>\n<a class=\"wp-block-button__link wp-element-button\">Zustimmen und <b>Google Maps<\/b> Karte anzeigen<\/a><\/p>\n<\/div>\n<\/div>\n<\/div>\n","protected":false},"excerpt":{"rendered":"<p>Adresse Stadthotel HollabrunnDechant Pfeifer &#8211; Stra\u00dfe 3A-2020 Hollabrunn Email: &#x68;o&#x74;e&#x6c;&#64;&#x73;&#116;h&#x2d;h&#x6f;&#108;&#x6c;&#97;&#x62;&#114;u&#x6e;n&#x2e;&#97;&#x74;Tel: 02952 3391 &#8211; 181Fax: 02952 3391 &#8211; 79 Anreise Bequem anreisen mit dem &#8230; &#8230; Zug oder Bus &#8211; der Bahnhof ist 5 Gehminuten vom Hotel entfernt &#8230; oder mit dem PKW &#8211; es gibt gen\u00fcgend Parkpl\u00e4tze (inkl. Wohnmobilstellplatz). Auch die Anbindung \u00fcber die S3&#8230;<\/p>\n<p class=\"more-link-wrap\"><a href=\"https:\/\/www.sth-hollabrunn.at\/stadthotel\/kontakt\/\" class=\"more-link\">Read More<span class=\"screen-reader-text\"> &ldquo;Kontakt&rdquo;<\/span> &raquo;<\/a><\/p>\n","protected":false},"author":1,"featured_media":0,"parent":0,"menu_order":0,"comment_status":"closed","ping_status":"closed","template":"","meta":{"ngg_post_thumbnail":0,"footnotes":""},"class_list":["post-22","page","type-page","status-publish","hentry"],"_links":{"self":[{"href":"https:\/\/www.sth-hollabrunn.at\/stadthotel\/wp-json\/wp\/v2\/pages\/22","targetHints":{"allow":["GET"]}}],"collection":[{"href":"https:\/\/www.sth-hollabrunn.at\/stadthotel\/wp-json\/wp\/v2\/pages"}],"about":[{"href":"https:\/\/www.sth-hollabrunn.at\/stadthotel\/wp-json\/wp\/v2\/types\/page"}],"author":[{"embeddable":true,"href":"https:\/\/www.sth-hollabrunn.at\/stadthotel\/wp-json\/wp\/v2\/users\/1"}],"replies":[{"embeddable":true,"href":"https:\/\/www.sth-hollabrunn.at\/stadthotel\/wp-json\/wp\/v2\/comments?post=22"}],"version-history":[{"count":32,"href":"https:\/\/www.sth-hollabrunn.at\/stadthotel\/wp-json\/wp\/v2\/pages\/22\/revisions"}],"predecessor-version":[{"id":408,"href":"https:\/\/www.sth-hollabrunn.at\/stadthotel\/wp-json\/wp\/v2\/pages\/22\/revisions\/408"}],"wp:attachment":[{"href":"https:\/\/www.sth-hollabrunn.at\/stadthotel\/wp-json\/wp\/v2\/media?parent=22"}],"curies":[{"name":"wp","href":"https:\/\/api.w.org\/{rel}","templated":true}]}}